or of 32319 and 77.
7
Calculate the highest common divisor of 13505 and 1850.
185
Calculate the greatest common divisor of 59527 and 7657.
247
What is the greatest common divisor of 6966 and 234?
18
What is the greatest common factor of 738 and 1204908?
246
What is the greatest common divisor of 910 and 227682?
182
Calculate the greatest common divisor of 180 and 1265940.
180
What is the greatest common factor of 20505 and 330?
15
Calculate the greatest common factor of 332811 and 243.
9
Calculate the greatest common factor of 129260 and 60.
20
What is the greatest common factor of 741 and 95433?
39
What is the greatest common factor of 1111762 and 1556?
778
Calculate the greatest common factor of 6 and 51438.
6
What is the greatest common divisor of 746 and 1183902?
746
Calculate the greatest common factor of 77784 and 336.
168
Calculate the highest common factor of 945 and 17367.
21
Calculate the highest common divisor of 840 and 27760.
40
What is the highest common divisor of 3570 and 1982370?
510
Calculate the greatest common factor of 2 and 219922.
2
Calculate the greatest common divisor of 2714796 and 72.
36
Calculate the greatest common factor of 106938 and 78.
78
Calculate the highest common divisor of 747569 and 92.
23
Calculate the highest common factor of 76248 and 216.
216
What is the greatest common factor of 168 and 22232?
56
Calculate the highest common factor of 546 and 4446.
78
What is the greatest common factor of 24 and 1404048?
24
What is the greatest common divisor of 714 and 5593?
119
What is the greatest common factor of 46032 and 96?
48
What is the highest common factor of 5248 and 164?
164
Calculate the greatest common factor of 75144 and 1717.
101
Calculate the greatest common divisor of 594 and 130878.
198
What is the greatest common factor of 7392 and 18711?
231
Calculate the highest common factor of 19865 and 1885.
145
Calculate the greatest common factor of 92499 and 561.
33
Calculate the highest common factor of 6970 and 110840.
170
What is the highest common factor of 5248 and 217628?
164
What is the greatest common divisor of 39849 and 370?
37
What is the greatest common divisor of 9844 and 201588?
428
Calculate the greatest common divisor of 459 and 1003.
17
Calculate the greatest common divisor of 4617 and 54.
27
Calculate the highest common factor of 43 and 22532.
43
What is the highest common divisor of 28040 and 236?
4
What is the greatest common factor of 1405110 and 6?
6
What is the greatest common factor of 572 and 74756?
44
What is the highest common factor of 3901 and 1222?
47
Calculate the greatest common factor of 66 and 174.
6
What is the highest common divisor of 1976 and 133038?
38
Calculate the greatest common divisor of 243575 and 100.
25
Calculate the highest common divisor of 20 and 5310.
10
What is the highest common factor of 870914 and 682?
682
Calculate the highest common factor of 3507 and 18879.
21
Calculate the greatest common divisor of 8946 and 65817.
639
Calculate the highest common divisor of 551 and 145.
29
Calculate the greatest common divisor of 9709 and 608.
19
What is the greatest common factor of 9020 and 1819580?
820
Calculate the greatest common divisor of 1937000 and 600.
200
What is the highest common divisor of 120 and 7650?
30
Calculate the highest common divisor of 301092 and 132.
132
Calculate the greatest common factor of 64 and 1072.
16
Calculate the greatest common divisor of 261524 and 204.
4
What is the highest common factor of 5670128 and 32?
16
Calculate the greatest common factor of 40049 and 696.
29
Calculate the greatest common factor of 143 and 315471.
13
Calculate the greatest common divisor of 54957 and 21.
21
What is the greatest common factor of 25 and 46810?
5
Calculate the greatest common factor of 488 and 21838.
122
Calculate the greatest common factor of 9404 and 116.
4
Calculate the highest common divisor of 908 and 2025521.
227
Calculate the highest common factor of 3298890 and 3864.
966
What is the greatest common divisor of 3500760 and 180?
60
Calculate the highest common divisor of 73 and 12337.
73
What is the greatest common factor of 460 and 84295?
115
Calculate the highest common factor of 172 and 565493.
43
Calculate the greatest common divisor of 2892219 and 99.
33
Calculate the highest common divisor of 96 and 150912.
96
What is the highest common factor of 143625 and 1125?
375
What is the highest common divisor of 10 and 6221?
1
Calculate the greatest common factor of 5696 and 779284.
356
What is the greatest common factor of 1902 and 961461?
951
Calculate the highest common factor of 4063 and 26051.
239
Calculate the greatest common divisor of 352 and 15697.
11
Calculate the greatest common factor of 666 and 2124.
18
What is the greatest common factor of 726 and 9108?
66
What is the highest common factor of 110 and 281710?
110
Calculate the greatest common factor of 5293 and 10033.
79
What is the greatest common factor of 597885 and 230?
115
What is the highest common divisor of 1178 and 184946?
1178
What is the greatest common divisor of 128 and 145968?
16
Calculate the highest common divisor of 44064 and 92208.
816
What is the highest common divisor of 16134 and 108?
6
What is the greatest common factor of 41468 and 112?
28
What is the greatest common divisor of 4032 and 1120?
224
What is the greatest common factor of 64 and 382?
2
What is the greatest common factor of 12 and 1416372?
12
What is the greatest common divisor of 244 and 447313?
61
What is the greatest common factor of 448783 and 17?
17
Calculate the highest common factor of 845 and 133315.
65
What is the highest common divisor of 2104683 and 61?
61
Calculate the highest common factor of 709248 and 192.
192
Calculate the greatest common divisor of 35 and 1977115.
35
Calculate the greatest common factor of 40192 and 40.
8
What is the greatest common divisor of 4031 and 135803?
139
Calculate the greatest common factor of 314 and 70493.
157
What is the greatest common divisor of 1188 and 2232252?
1188
What is the greatest common divisor of 525 and 47313?
21
What is the greatest common factor of 29 and 2401258?
29
Calculate the highest common divisor of 105 and 163135.
35
What is the greatest common divisor of 326 and 5828065?
163
What is the highest common factor of 1840 and 5898120?
920
What is the greatest common divisor of 29106 and 1368?
18
What is the greatest common divisor of 5402 and 9176?
74
What is the greatest common divisor of 2472 and 1800?
24
Calculate the greatest common divisor of 4 and 2558.
2
What is the greatest common factor of 54 and 92538?
18
Calculate the highest common divisor of 1012 and 44804.
92
What is the highest common divisor of 234 and 768?
6
Calculate the greatest common divisor of 160 and 10688.
32
What is the greatest common factor of 66 and 1562?
22
What is the greatest common factor of 1143 and 4671?
9
Calculate the greatest common factor of 10461 and 429.
33
What is the greatest common factor of 18615 and 6789?
219
Calculate the highest common divisor of 51 and 5466.
3
What is the highest common divisor of 4732 and 48776?
364
What is the highest common factor of 33625 and 86080?
1345
What is the highest common factor of 10237 and 1682?
29
Calculate the greatest common factor of 79864 and 31624.
536
Calculate the highest common factor of 32 and 392176.
16
What is the greatest common factor of 122110 and 50?
10
What is the highest common divisor of 4360 and 38695?
545
What is the highest common divisor of 46778 and 1976?
38
Calculate the highest common divisor of 43566 and 127200.
318
What is the highest common divisor of 53859 and 1079?
13
Calculate the greatest common factor of 73632 and 531.
177
Calculate the greatest common divisor of 4164 and 1014.
6
What is the greatest common divisor of 35261 and 296?
37
What is the greatest common factor of 23012 and 1078?
22
What is the greatest common divisor of 12 and 48078?
6
What is the greatest common divisor of 95845 and 15?
5
Calculate the highest common factor of 56012 and 15812.
268
What is the greatest common factor of 3047 and 31578?
277
Calculate the greatest common divisor of 8271 and 8.
1
What is the greatest common divisor of 436205 and 105?
35
What is the greatest common facto